{"id":68,"date":"2017-04-20T15:30:59","date_gmt":"2017-04-20T13:30:59","guid":{"rendered":"http:\/\/spconseils.eu\/?page_id=68"},"modified":"2023-04-22T06:43:25","modified_gmt":"2023-04-22T04:43:25","slug":"expertise-en-logiciel-bureautique","status":"publish","type":"page","link":"https:\/\/www.spconseils.eu\/index.php\/expertise-en-logiciel-bureautique\/","title":{"rendered":"Expertise en logiciel bureautique"},"content":{"rendered":"<p>Expert en logiciels bureautiques : Word, Excel, Publisher, PowerPoint, Access, Outlook, OneNote, Visio, Project, Adobe Acrobat,\u2026<\/p>\n<p>Formation et mise en place des outils online Microsoft 365 : Teams, Forms, Power BI&#8230;<\/p>\n<p>Audit et mise ne place de tableau de bord sur Business intelligence : Excel, Power Query, Power Pivot et Power BI&#8230;<\/p>\n<p>Mise en place d&rsquo;organisation bas\u00e9e sur l&rsquo;environnement Microsoft 365 pour un usage collaboratif ou individuel multi p\u00e9riph\u00e9riques<\/p>\n<p>D\u00e9veloppement sur base de donn\u00e9es : Access, MySQL, SQL serveur,\u2026<\/p>\n<p>R\u00e9seau Windows Serveur sur poste physique ou sur poste virtuel (local ou Azure)<\/p>\n<p>Solutions Azure : PC Virtuel, Small Business serveur, sauvegarde,&#8230;<\/p>\n","protected":false},"excerpt":{"rendered":"<p>Expert en logiciels bureautiques : Word, Excel, Publisher, PowerPoint, Access, Outlook, OneNote, Visio, Project, Adobe Acrobat,\u2026 Formation et mise en place des outils online Microsoft 365 : Teams, Forms, Power BI&#8230; Audit et mise ne place de tableau de bord sur Business intelligence : Excel, Power Query, Power Pivot et Power BI&#8230; Mise en place [&hellip;]<\/p>\n","protected":false},"author":1,"featured_media":0,"parent":0,"menu_order":0,"comment_status":"closed","ping_status":"closed","template":"","meta":{"footnotes":""},"class_list":["post-68","page","type-page","status-publish","hentry"],"_links":{"self":[{"href":"https:\/\/www.spconseils.eu\/index.php\/wp-json\/wp\/v2\/pages\/68","targetHints":{"allow":["GET"]}}],"collection":[{"href":"https:\/\/www.spconseils.eu\/index.php\/wp-json\/wp\/v2\/pages"}],"about":[{"href":"https:\/\/www.spconseils.eu\/index.php\/wp-json\/wp\/v2\/types\/page"}],"author":[{"embeddable":true,"href":"https:\/\/www.spconseils.eu\/index.php\/wp-json\/wp\/v2\/users\/1"}],"replies":[{"embeddable":true,"href":"https:\/\/www.spconseils.eu\/index.php\/wp-json\/wp\/v2\/comments?post=68"}],"version-history":[{"count":6,"href":"https:\/\/www.spconseils.eu\/index.php\/wp-json\/wp\/v2\/pages\/68\/revisions"}],"predecessor-version":[{"id":346,"href":"https:\/\/www.spconseils.eu\/index.php\/wp-json\/wp\/v2\/pages\/68\/revisions\/346"}],"wp:attachment":[{"href":"https:\/\/www.spconseils.eu\/index.php\/wp-json\/wp\/v2\/media?parent=68"}],"curies":[{"name":"wp","href":"https:\/\/api.w.org\/{rel}","templated":true}]}}